{"id":182,"date":"2022-11-25T17:20:55","date_gmt":"2022-11-25T16:20:55","guid":{"rendered":"https:\/\/psychotherapie-adendorf.de\/?page_id=182"},"modified":"2022-12-08T11:24:07","modified_gmt":"2022-12-08T10:24:07","slug":"kontakt","status":"publish","type":"page","link":"https:\/\/\ufeff\ufeffpsychotherapie-adendorf.de\/?page_id=182","title":{"rendered":"Kontakt"},"content":{"rendered":"<section class=\"wpb-content-wrapper\"><p>[vc_row full_width=&#8220;stretch_row&#8220; gap=&#8220;0&#8243;][vc_column]<style>.ld_spacer_69e5955c77220{height:4px;}<\/style>\n<div class=\"ld-empty-space ld_spacer_69e5955c77220\"><span class=\"liquid_empty_space_inner\"><\/span><\/div>[\/vc_column][\/vc_row][vc_row gap=&#8220;30&#8243; content_placement=&#8220;middle&#8220; css_animation=&#8220;fadeIn&#8220; bg_position=&#8220;center center&#8220; css=&#8220;.vc_custom_1669650418803{background-color: #c4cdd4 !important;}&#8220;][vc_column align=&#8220;text-center&#8220; bg_position=&#8220;center center&#8220;][vc_gmaps link=&#8220;#E-8_JTNDaWZyYW1lJTIwc3JjJTNEJTIyaHR0cHMlM0ElMkYlMkZ3d3cuZ29vZ2xlLmNvbSUyRm1hcHMlMkZlbWJlZCUzRnBiJTNEJTIxMW0xOCUyMTFtMTIlMjExbTMlMjExZDI1MTQuMzUzNTM2MTcwNjI0JTIxMmQ2Ljk3MTA3NzIxNjQ2NjM0OSUyMTNkNTAuOTM1Njc0NTc5NTQ1MTg2JTIxMm0zJTIxMWYwJTIxMmYwJTIxM2YwJTIxM20yJTIxMWkxMDI0JTIxMmk3NjglMjE0ZjEzLjElMjEzbTMlMjExbTIlMjExczB4NDdiZjI1Yzk3NzI4ODE1YiUyNTNBMHg4YTJjM2EzNGY0ZTdiOTczJTIxMnNUZW1wZWxzdHJhJTI1QzMlMjU5RmUlMjUyMDJCJTI1MkMlMjUyMDUwNjc5JTI1MjBLJTI1QzMlMjVCNmxuJTIxNWUwJTIxM20yJTIxMXNkZSUyMTJzZGUlMjE0djE2NDY5MDMyOTY1MDUlMjE1bTIlMjExc2RlJTIxMnNkZSUyMiUyMHdpZHRoJTNEJTIyMTE3MCUyMiUyMGhlaWdodCUzRCUyMjQwMCUyMiUyMHN0eWxlJTNEJTIyYm9yZGVyJTNBMCUzQiUyMiUyMGFsbG93ZnVsbHNjcmVlbiUzRCUyMiUyMiUyMGxvYWRpbmclM0QlMjJsYXp5JTIyJTNFJTNDJTJGaWZyYW1lJTNF&#8220; size=&#8220;400&#8243; css_animation=&#8220;fadeIn&#8220; css=&#8220;.vc_custom_1669651503698{margin-bottom: -0.0em !important;}&#8220;][\/vc_column][\/vc_row][vc_row full_width=&#8220;stretch_row&#8220; gap=&#8220;0&#8243;][vc_column]<style>.ld_spacer_69e5955c77337{height:4px;}<\/style>\n<div class=\"ld-empty-space ld_spacer_69e5955c77337\"><span class=\"liquid_empty_space_inner\"><\/span><\/div>[\/vc_column][\/vc_row][vc_row gap=&#8220;30&#8243; css=&#8220;.vc_custom_1669648770304{padding-top: 1em !important;padding-bottom: 1em !important;background-color: #95c11f !important;}&#8220; responsive_css=&#8220;padding_top_large:1em|padding_bottom_large:1em|padding_top_medium:1em|padding_bottom_medium:1em|padding_top_small:1em|padding_bottom_small:1em&#8220;][vc_column][vc_column_text css=&#8220;.vc_custom_1669652910387{padding-top: 0.5em !important;}&#8220;]<\/p>\n<div class=\"shortcode_promoblock no_button_text no_button_link \">\n<div class=\"promoblock_wrapper\">\n<div class=\"promo_text_block\">\n<div class=\"promo_text_block_wrapper\" style=\"text-align: center;\">\n<h2 style=\"text-align: center;\"><span style=\"font-size: 36px; color: #ffffff;\">MARTIN ADENDORF<br \/>\nPsychoanalytiker DGIP\/VAKIP |<\/span><span style=\"font-size: 36px; color: #ffffff;\"> Diplom-Sozialp\u00e4dagoge<\/span><\/h2>\n<\/div>\n<\/div>\n<\/div>\n<\/div>\n<p>[\/vc_column_text][vc_column_text css_animation=&#8220;fadeIn&#8220; css=&#8220;.vc_custom_1669651050456{margin-bottom: 0.5em !important;}&#8220;]<\/p>\n<h5 style=\"text-align: center;\"><span style=\"color: #ffffff;\"><strong>Psychotherapeutische Praxis<\/strong><\/span><\/h5>\n<p>[\/vc_column_text][\/vc_column][\/vc_row][vc_row responsive_css=&#8220;margin_top_large:2em|padding_top_large:1em|margin_top_medium:2em|padding_top_medium:1em|margin_top_small:2em|padding_top_small:1em&#8220; css=&#8220;.vc_custom_1669652376347{margin-top: 2em !important;padding-top: 1em !important;}&#8220;][vc_column width=&#8220;2\/3&#8243;][vc_column_text css=&#8220;.vc_custom_1670495043773{margin-bottom: 4em !important;}&#8220;]<\/p>\n<h3><span style=\"color: #2a90b2;\">Kontakt und Anfahrt<\/span><\/h3>\n<p><strong>Martin Adendorf<br \/>\n<\/strong>Psychoanalytiker DGIP\/VAKIP<br \/>\nDiplom-Sozialp\u00e4dagoge<strong><br \/>\n<\/strong><\/p>\n<p><span class=\"lRsTH-Tswv1b-text\"><span class=\"Yr7JMd-pane-hSRGPd\">Tempelstra\u00dfe 2B<br \/>\n<\/span><\/span><span class=\"lRsTH-Tswv1b-text\"><span class=\"Yr7JMd-pane-hSRGPd\">50679 K\u00f6ln<\/span><\/span><\/p>\n<p><a href=\"mailto:info@psychotherapie-adendorf.de\">info@psychotherapie-adendorf.de<\/a><\/p>\n<p>Mobil: 01 57\/87 37 36 21<\/p>\n<hr \/>\n<p><span style=\"color: #ffffff;\">I<\/span><\/p>\n<h3><span style=\"color: #2a90b2;\">Kontaktaufnahme<\/span><\/h3>\n<p>Sie k\u00f6nnen mir gerne eine Nachricht \u00fcber meine Mailbox, vorzugsweise \u00fcber meine E-Mail-Adresse zukommen lassen. Ich melde mich dann bei Ihnen, sobald mir dies m\u00f6glich ist.<\/p>\n<hr \/>\n<p><span style=\"color: #ffffff;\">I<\/span><\/p>\n<h3><span style=\"color: #2a90b2;\">Anfahrt<\/span><\/h3>\n<p>Bei der Anreise mit \u00f6ffentlichen Verkehrsmitteln erreichen Sie mich fu\u00dfl\u00e4ufig innerhalb von 5 Minuten ab der Haltesteller Deutzer Freiheit oder innerhalb von 7 Minuten ab den Haltestellen Deutzer Bahnhof\/K\u00f6ln-Arena und Severinsbr\u00fccke.<\/p>\n<p>Bei Anfahrten mit dem PKW bieten sich in direkter N\u00e4he die Parkpl\u00e4tze in der Siegburg Stra\u00dfe (parallel zum Rheinufer) sowie etwas weiter entfernt der Parkplatz an der Teutonenstrasse\/Servinsbr\u00fccke an. An der Deutzer Freiheit und vor der Praxis gilt ein absolutes Halteverbot.<\/p>\n<hr \/>\n<p>[\/vc_column_text][\/vc_column][vc_column width=&#8220;1\/3&#8243;][\/vc_column][\/vc_row]<\/p>\n<\/section>","protected":false},"excerpt":{"rendered":"<p>[vc_row full_width=&#8220;stretch_row&#8220; gap=&#8220;0&#8243;][vc_column][\/vc_column][\/vc_row][vc_row gap=&#8220;30&#8243; content_placement=&#8220;middle&#8220; css_animation=&#8220;fadeIn&#8220; bg_position=&#8220;center center&#8220; css=&#8220;.vc_custom_1669650418803{background-color: #c4cdd4 !important;}&#8220;][vc_column align=&#8220;text-center&#8220; bg_position=&#8220;center center&#8220;][vc_gmaps link=&#8220;#E-8_JTNDaWZyYW1lJTIwc3JjJTNEJTIyaHR0cHMlM0ElMkYlMkZ3d3cuZ29vZ2xlLmNvbSUyRm1hcHMlMkZlbWJlZCUzRnBiJTNEJTIxMW0xOCUyMTFtMTIlMjExbTMlMjExZDI1MTQuMzUzNTM2MTcwNjI0JTIxMmQ2Ljk3MTA3NzIxNjQ2NjM0OSUyMTNkNTAuOTM1Njc0NTc5NTQ1MTg2JTIxMm0zJTIxMWYwJTIxMmYwJTIxM2YwJTIxM20yJTIxMWkxMDI0JTIxMmk3NjglMjE0ZjEzLjElMjEzbTMlMjExbTIlMjExczB4NDdiZjI1Yzk3NzI4ODE1YiUyNTNBMHg4YTJjM2EzNGY0ZTdiOTczJTIxMnNUZW1wZWxzdHJhJTI1QzMlMjU5RmUlMjUyMDJCJTI1MkMlMjUyMDUwNjc5JTI1MjBLJTI1QzMlMjVCNmxuJTIxNWUwJTIxM20yJTIxMXNkZSUyMTJzZGUlMjE0djE2NDY5MDMyOTY1MDUlMjE1bTIlMjExc2RlJTIxMnNkZSUyMiUyMHdpZHRoJTNEJTIyMTE3MCUyMiUyMGhlaWdodCUzRCUyMjQwMCUyMiUyMHN0eWxlJTNEJTIyYm9yZGVyJTNBMCUzQiUyMiUyMGFsbG93ZnVsbHNjcmVlbiUzRCUyMiUyMiUyMGxvYWRpbmclM0QlMjJsYXp5JTIyJTNFJTNDJTJGaWZyYW1lJTNF&#8220;&#8230;<\/p>\n","protected":false},"author":1,"featured_media":0,"parent":0,"menu_order":0,"comment_status":"closed","ping_status":"closed","template":"","meta":{"inline_featured_image":false,"footnotes":""},"class_list":["post-182","page","type-page","status-publish","hentry"],"yoast_head":"<!-- This site is optimized with the Yoast SEO plugin v23.8 - https:\/\/yoast.com\/wordpress\/plugins\/seo\/ -->\n<title>Kontakt - Psychotherapie Adendorf<\/title>\n<meta name=\"robots\" content=\"index, follow, max-snippet:-1, max-image-preview:large, max-video-preview:-1\" \/>\n<link rel=\"canonical\" href=\"https:\/\/\ufeff\ufeffpsychotherapie-adendorf.de\/?page_id=182\" \/>\n<meta property=\"og:locale\" content=\"de_DE\" \/>\n<meta property=\"og:type\" content=\"article\" \/>\n<meta property=\"og:title\" content=\"Kontakt - Psychotherapie Adendorf\" \/>\n<meta property=\"og:description\" content=\"[vc_row full_width=&#8220;stretch_row&#8220; gap=&#8220;0&#8243;][vc_column][\/vc_column][\/vc_row][vc_row gap=&#8220;30&#8243; content_placement=&#8220;middle&#8220; css_animation=&#8220;fadeIn&#8220; bg_position=&#8220;center center&#8220; css=&#8220;.vc_custom_1669650418803{background-color: #c4cdd4 !important;}&#8220;][vc_column align=&#8220;text-center&#8220; bg_position=&#8220;center center&#8220;][vc_gmaps link=&#8220;#E-8_JTNDaWZyYW1lJTIwc3JjJTNEJTIyaHR0cHMlM0ElMkYlMkZ3d3cuZ29vZ2xlLmNvbSUyRm1hcHMlMkZlbWJlZCUzRnBiJTNEJTIxMW0xOCUyMTFtMTIlMjExbTMlMjExZDI1MTQuMzUzNTM2MTcwNjI0JTIxMmQ2Ljk3MTA3NzIxNjQ2NjM0OSUyMTNkNTAuOTM1Njc0NTc5NTQ1MTg2JTIxMm0zJTIxMWYwJTIxMmYwJTIxM2YwJTIxM20yJTIxMWkxMDI0JTIxMmk3NjglMjE0ZjEzLjElMjEzbTMlMjExbTIlMjExczB4NDdiZjI1Yzk3NzI4ODE1YiUyNTNBMHg4YTJjM2EzNGY0ZTdiOTczJTIxMnNUZW1wZWxzdHJhJTI1QzMlMjU5RmUlMjUyMDJCJTI1MkMlMjUyMDUwNjc5JTI1MjBLJTI1QzMlMjVCNmxuJTIxNWUwJTIxM20yJTIxMXNkZSUyMTJzZGUlMjE0djE2NDY5MDMyOTY1MDUlMjE1bTIlMjExc2RlJTIxMnNkZSUyMiUyMHdpZHRoJTNEJTIyMTE3MCUyMiUyMGhlaWdodCUzRCUyMjQwMCUyMiUyMHN0eWxlJTNEJTIyYm9yZGVyJTNBMCUzQiUyMiUyMGFsbG93ZnVsbHNjcmVlbiUzRCUyMiUyMiUyMGxvYWRpbmclM0QlMjJsYXp5JTIyJTNFJTNDJTJGaWZyYW1lJTNF&#8220;...\" \/>\n<meta property=\"og:url\" content=\"https:\/\/\ufeff\ufeffpsychotherapie-adendorf.de\/?page_id=182\" \/>\n<meta property=\"og:site_name\" content=\"Psychotherapie Adendorf\" \/>\n<meta property=\"article:modified_time\" content=\"2022-12-08T10:24:07+00:00\" \/>\n<meta name=\"twitter:card\" content=\"summary_large_image\" \/>\n<meta name=\"twitter:label1\" content=\"Gesch\u00e4tzte Lesezeit\" \/>\n\t<meta name=\"twitter:data1\" content=\"1\u00a0Minute\" \/>\n<script type=\"application\/ld+json\" class=\"yoast-schema-graph\">{\"@context\":\"https:\/\/schema.org\",\"@graph\":[{\"@type\":\"WebPage\",\"@id\":\"https:\/\/\ufeff\ufeffpsychotherapie-adendorf.de\/?page_id=182\",\"url\":\"https:\/\/\ufeff\ufeffpsychotherapie-adendorf.de\/?page_id=182\",\"name\":\"Kontakt - Psychotherapie Adendorf\",\"isPartOf\":{\"@id\":\"https:\/\/\ufeff\ufeffpsychotherapie-adendorf.de\/#website\"},\"datePublished\":\"2022-11-25T16:20:55+00:00\",\"dateModified\":\"2022-12-08T10:24:07+00:00\",\"breadcrumb\":{\"@id\":\"https:\/\/\ufeff\ufeffpsychotherapie-adendorf.de\/?page_id=182#breadcrumb\"},\"inLanguage\":\"de\",\"potentialAction\":[{\"@type\":\"ReadAction\",\"target\":[\"https:\/\/\ufeff\ufeffpsychotherapie-adendorf.de\/?page_id=182\"]}]},{\"@type\":\"BreadcrumbList\",\"@id\":\"https:\/\/\ufeff\ufeffpsychotherapie-adendorf.de\/?page_id=182#breadcrumb\",\"itemListElement\":[{\"@type\":\"ListItem\",\"position\":1,\"name\":\"Startseite\",\"item\":\"https:\/\/\ufeff\ufeffpsychotherapie-adendorf.de\/\"},{\"@type\":\"ListItem\",\"position\":2,\"name\":\"Kontakt\"}]},{\"@type\":\"WebSite\",\"@id\":\"https:\/\/\ufeff\ufeffpsychotherapie-adendorf.de\/#website\",\"url\":\"https:\/\/\ufeff\ufeffpsychotherapie-adendorf.de\/\",\"name\":\"Psychotherapie Adendorf\",\"description\":\"\",\"potentialAction\":[{\"@type\":\"SearchAction\",\"target\":{\"@type\":\"EntryPoint\",\"urlTemplate\":\"https:\/\/\ufeff\ufeffpsychotherapie-adendorf.de\/?s={search_term_string}\"},\"query-input\":{\"@type\":\"PropertyValueSpecification\",\"valueRequired\":true,\"valueName\":\"search_term_string\"}}],\"inLanguage\":\"de\"}]}<\/script>\n<!-- \/ Yoast SEO plugin. -->","yoast_head_json":{"title":"Kontakt - Psychotherapie Adendorf","robots":{"index":"index","follow":"follow","max-snippet":"max-snippet:-1","max-image-preview":"max-image-preview:large","max-video-preview":"max-video-preview:-1"},"canonical":"https:\/\/\ufeff\ufeffpsychotherapie-adendorf.de\/?page_id=182","og_locale":"de_DE","og_type":"article","og_title":"Kontakt - Psychotherapie Adendorf","og_description":"[vc_row full_width=&#8220;stretch_row&#8220; gap=&#8220;0&#8243;][vc_column][\/vc_column][\/vc_row][vc_row gap=&#8220;30&#8243; content_placement=&#8220;middle&#8220; css_animation=&#8220;fadeIn&#8220; bg_position=&#8220;center center&#8220; css=&#8220;.vc_custom_1669650418803{background-color: #c4cdd4 !important;}&#8220;][vc_column align=&#8220;text-center&#8220; bg_position=&#8220;center center&#8220;][vc_gmaps link=&#8220;#E-8_JTNDaWZyYW1lJTIwc3JjJTNEJTIyaHR0cHMlM0ElMkYlMkZ3d3cuZ29vZ2xlLmNvbSUyRm1hcHMlMkZlbWJlZCUzRnBiJTNEJTIxMW0xOCUyMTFtMTIlMjExbTMlMjExZDI1MTQuMzUzNTM2MTcwNjI0JTIxMmQ2Ljk3MTA3NzIxNjQ2NjM0OSUyMTNkNTAuOTM1Njc0NTc5NTQ1MTg2JTIxMm0zJTIxMWYwJTIxMmYwJTIxM2YwJTIxM20yJTIxMWkxMDI0JTIxMmk3NjglMjE0ZjEzLjElMjEzbTMlMjExbTIlMjExczB4NDdiZjI1Yzk3NzI4ODE1YiUyNTNBMHg4YTJjM2EzNGY0ZTdiOTczJTIxMnNUZW1wZWxzdHJhJTI1QzMlMjU5RmUlMjUyMDJCJTI1MkMlMjUyMDUwNjc5JTI1MjBLJTI1QzMlMjVCNmxuJTIxNWUwJTIxM20yJTIxMXNkZSUyMTJzZGUlMjE0djE2NDY5MDMyOTY1MDUlMjE1bTIlMjExc2RlJTIxMnNkZSUyMiUyMHdpZHRoJTNEJTIyMTE3MCUyMiUyMGhlaWdodCUzRCUyMjQwMCUyMiUyMHN0eWxlJTNEJTIyYm9yZGVyJTNBMCUzQiUyMiUyMGFsbG93ZnVsbHNjcmVlbiUzRCUyMiUyMiUyMGxvYWRpbmclM0QlMjJsYXp5JTIyJTNFJTNDJTJGaWZyYW1lJTNF&#8220;...","og_url":"https:\/\/\ufeff\ufeffpsychotherapie-adendorf.de\/?page_id=182","og_site_name":"Psychotherapie Adendorf","article_modified_time":"2022-12-08T10:24:07+00:00","twitter_card":"summary_large_image","twitter_misc":{"Gesch\u00e4tzte Lesezeit":"1\u00a0Minute"},"schema":{"@context":"https:\/\/schema.org","@graph":[{"@type":"WebPage","@id":"https:\/\/\ufeff\ufeffpsychotherapie-adendorf.de\/?page_id=182","url":"https:\/\/\ufeff\ufeffpsychotherapie-adendorf.de\/?page_id=182","name":"Kontakt - Psychotherapie Adendorf","isPartOf":{"@id":"https:\/\/\ufeff\ufeffpsychotherapie-adendorf.de\/#website"},"datePublished":"2022-11-25T16:20:55+00:00","dateModified":"2022-12-08T10:24:07+00:00","breadcrumb":{"@id":"https:\/\/\ufeff\ufeffpsychotherapie-adendorf.de\/?page_id=182#breadcrumb"},"inLanguage":"de","potentialAction":[{"@type":"ReadAction","target":["https:\/\/\ufeff\ufeffpsychotherapie-adendorf.de\/?page_id=182"]}]},{"@type":"BreadcrumbList","@id":"https:\/\/\ufeff\ufeffpsychotherapie-adendorf.de\/?page_id=182#breadcrumb","itemListElement":[{"@type":"ListItem","position":1,"name":"Startseite","item":"https:\/\/\ufeff\ufeffpsychotherapie-adendorf.de\/"},{"@type":"ListItem","position":2,"name":"Kontakt"}]},{"@type":"WebSite","@id":"https:\/\/\ufeff\ufeffpsychotherapie-adendorf.de\/#website","url":"https:\/\/\ufeff\ufeffpsychotherapie-adendorf.de\/","name":"Psychotherapie Adendorf","description":"","potentialAction":[{"@type":"SearchAction","target":{"@type":"EntryPoint","urlTemplate":"https:\/\/\ufeff\ufeffpsychotherapie-adendorf.de\/?s={search_term_string}"},"query-input":{"@type":"PropertyValueSpecification","valueRequired":true,"valueName":"search_term_string"}}],"inLanguage":"de"}]}},"_links":{"self":[{"href":"https:\/\/\ufeff\ufeffpsychotherapie-adendorf.de\/index.php?rest_route=\/wp\/v2\/pages\/182","targetHints":{"allow":["GET"]}}],"collection":[{"href":"https:\/\/\ufeff\ufeffpsychotherapie-adendorf.de\/index.php?rest_route=\/wp\/v2\/pages"}],"about":[{"href":"https:\/\/\ufeff\ufeffpsychotherapie-adendorf.de\/index.php?rest_route=\/wp\/v2\/types\/page"}],"author":[{"embeddable":true,"href":"https:\/\/\ufeff\ufeffpsychotherapie-adendorf.de\/index.php?rest_route=\/wp\/v2\/users\/1"}],"replies":[{"embeddable":true,"href":"https:\/\/\ufeff\ufeffpsychotherapie-adendorf.de\/index.php?rest_route=%2Fwp%2Fv2%2Fcomments&post=182"}],"version-history":[{"count":47,"href":"https:\/\/\ufeff\ufeffpsychotherapie-adendorf.de\/index.php?rest_route=\/wp\/v2\/pages\/182\/revisions"}],"predecessor-version":[{"id":424,"href":"https:\/\/\ufeff\ufeffpsychotherapie-adendorf.de\/index.php?rest_route=\/wp\/v2\/pages\/182\/revisions\/424"}],"wp:attachment":[{"href":"https:\/\/\ufeff\ufeffpsychotherapie-adendorf.de\/index.php?rest_route=%2Fwp%2Fv2%2Fmedia&parent=182"}],"curies":[{"name":"wp","href":"https:\/\/api.w.org\/{rel}","templated":true}]}}